e -126*j + 120*j = o. Let u = j + 4888. Is u a composite number?
False
Let f(q) = -q**3 - 11*q**2 - 13*q - 30. Let p be f(-10). Suppose p = -7*c + 12*c - 4735. Is c composite?
False
Suppose 4862*r - 4840*r - 9028426 = 0. Is r a composite number?
False
Suppose -4*l + 21 = 1. Let c(w) = 5 + 0*w**2 + 2*w**2 - 15 + 7 - 53*w**3 - l*w. Is c(-3) a composite number?
True
Let r(b) = -79753*b + 204. Is r(-5) prime?
True
Suppose -22918 = 4*y - 2*y. Let t = -5296 - y. Is t composite?
False
Is (2427646/39)/(2/3) prime?
True
Let s(d) = d**3 + 17*d**2 - 12*d - 23. Suppose l - 22 = 2*z, -9*z = -7*z - 3*l + 18. Is s(z) a prime number?
False
Let m(v) = 2*v**2 - 32*v + 103. Suppose -4*l = -5*b - 85, 19*l - 18*l - b = 21. Is m(l) a composite number?
False
Let y = 74857 - -59782. Is y prime?
True
Let o(g) = -g**3 + g**2 - 50*g + 170327. Is o(0) a prime number?
True
Suppose -1841374 = -5*z + 3*w, 68 = -5*w + 53. Is z composite?
False
Let a(j) = -57 + 6*j - 2*j + 52. Let z be a(2). Suppose -z*g + 565 = 2*g. Is g composite?
False
Let t = -182 + 184. Is t - -1 - (-102 + -6) composite?
True
Suppose 5*s - 815975 = -5*a, 0*s = -6*a - s + 979130. Is a composite?
True
Let o = 97118 + -59901. Is o composite?
False
Let b be 0 + 0 + (-84)/12. Let q(a) = 100*a**2 + 6*a + 3. Is q(b) a prime number?
True
Let c = -5550 + 6371. Is c a composite number?
False
Suppose 5*a + 40 = -3*g, -2*a - 2 = -2*g + 6*g. Let b(u) = u**3 + 8*u**2 - 60*u + 22. Is b(a) a prime number?
False
Let u(w) = 133*w**2 + 203*w**2 - 17*w - 2 + 36*w**2 + 16*w. Is u(-1) a prime number?
False
Let i(s) = -142*s**3 - 4*s**2 + 4*s - 7. Let n be i(4). Let f = n + 16456. Suppose -5*z = 5*m - 11005, -3*m - 2*z = -f + 712. Is m a prime number?
False
Suppose 4*w = 2*b - 6896, 0 = w - 0*b + 4*b + 1733. Let s be -58*(488/(-8) - -9). Let u = s + w. Is u a composite number?
False
Suppose -3*j + 4*r = -32, 3*j - 5*r - 41 = -j. Let x(c) = -c**2 - 10*c - 14. Let a be x(-7). Suppose 4*y + 5897 = a*y + 2*q, 4*q = -j*y + 7860. Is y prime?
False
Suppose 0 = 9*u - 1562901 - 36102. Suppose -4*v - 13*v + u = 0. Is v prime?
False
Let v be (15/(-5) - 1)*-1. Let n be 6 + (56/(-21))/(v/(-6)). Suppose -n*o + 1406 + 1704 = 0. Is o a composite number?
False
Suppose 6098 = -14*o + 19762. Let p = o - -1321. Suppose -2*t + 11431 = 5*r, -r + t + p = 5*t. Is r prime?
False
Suppose -9605977 = -98*z + 15217717. Is z a prime number?
False
Is 221/(-17) + (-3413792)/(-16) a composite number?
False
Let l = -29 + 33. Suppose 5 = 5*d + 5*s, -2*s = -l + 6. Suppose 7*g - d*g + 414 = t, 3*t + 4*g - 1261 = 0. Is t composite?
False
Let o = 22 - 11. Let j(d) = d**3 - 11*d**2 - d + 14. Let q be j(o). Suppose 466 = q*h - 1007. Is h composite?
False
Is (148/(-740) + 3913947/10)*(1 + 1) prime?
False
Suppose -2*t + 8*m - 23 = 5*m, 5*m - 37 = 3*t. Let n be ((-1420)/15)/(t/(-222)). Let h = n - -7407. Is h a composite number?
False
Let h(p) = p**2 - p. Let o(w) = -4*w**2 - 5*w + 7. Let x(g) = -5*h(g) - o(g). Let j be x(9). Is (-1)/(j/(-1563)*(-27)/(-18)) a prime number?
True
Let k be -2*(-1015)/2 + 6/2. Let i = k + -237. Let n = i - 78. Is n a prime number?
False
Let j(w) = -w**3 + 22*w**2 + 47*w + 16. Let k be j(24). Let q be 26953/k*-1 - 2/16. Suppose -q = -3*s + 6*i - 9*i, 0 = -2*i + 4. Is s a composite number?
True
Let a be (-30)/75 + 4/10. Is (-6)/(6 + a) - -3908 composite?
False
Let l(a) = -223*a - 58. Let n be l(11). Suppose -b + 659 = x - 2993, -x = -2. Let k = n + b. Is k a prime number?
False
Suppose 24*f = -26*f + 2812550. Is f a prime number?
False
Let w(z) be the second derivative of -z**4/12 + 5*z**3/6 - z**2 + 8*z. Let m be w(5). Is (-16)/40 + ((-4354)/(-10) - m) a prime number?
False
Let u(x) = -2113*x - 118. Let j be u(-9). Suppose -i + w = -j, -4*i + 20943 = -2*w - 54645. Is i prime?
False
Let b(k) = -1602*k**3 - 2*k**2 - 6*k + 9. Let c be b(2). Let t = -9158 - c. Is t a composite number?
True
Let q = -72750 + 169195. Is q composite?
True
Suppose 308 = -6*g + 350. Let u(p) = 395*p - 6. Is u(g) a composite number?
True
Let y(l) = -l**2 + 2*l + 1345. Let m = -68 + 126. Let v = m - 58. Is y(v) a composite number?
True
Suppose 3*m - 8*m + 3*j = -652303, -m + 4*j + 130481 = 0. Is m a prime number?
True
Suppose -2*j + 3*u + 1537670 = 0, 9*u + 363169 = -j + 1132046. Is j a composite number?
False
Suppose 14*v - 176779 = 401995. Is v composite?
False
Let a(i) = 35961*i - 12514. Is a(13) prime?
False
Let x be (2 + 8/(-4))/1. Let j be (-30)/10 + 68 + x. Is -11 + 10 + 24*j composite?
False
Let z = 10 - 13. Let f be ((-4)/6)/((-80)/120). Is 1/(f/(-10095)*z) composite?
True
Let f = 68 - 99. Let p = f + 25. Is (-2)/(-4)*33*(-52)/p composite?
True
Let d = -43 - -28. Let x(y) be the second derivative of -10*y**3 - 61*y**2/2 - 14*y. Is x(d) a prime number?
True
Let l = 197 - 194. Suppose -l*n + 14086 = 5*p, 3 = n + 6. Is p prime?
True
Suppose 0 = -r - 6*r + 112. Suppose 4*z + 4*m - r = 3*m, -8 = -4*z - 3*m. Suppose -5*d = -z*h + 2390 + 1195, 2882 = 4*h + 3*d. Is h a composite number?
False
Suppose 5*q - 2537644 = 2*d, -5*d + 7 = -8. Is (2 - 6)/((-40)/q) composite?
False
Suppose -7*i + 2*i - 2*h = -1143307, -457306 = -2*i + 2*h. Is i a composite number?
True
Suppose -j - 7*g + 71915 = 0, -5*g + 105708 = -5*j + 465523. Is j a prime number?
False
Let z(d) = 0*d - 4 + 5 + d + 18. Let w(k) = -25*k + 87. Let u be w(3). Is z(u) prime?
True
Let k = 132 - 128. Is (12894/8 - (-1)/2)*k a prime number?
True
Suppose -83*r + 84*r = 8. Is (210/27 - r) + 15970/18 a composite number?
False
Let t = 504789 - 313196. Is t a composite number?
True
Let v(p) = 50*p - 150. Let c be v(4). Suppose 38*o + 63132 = c*o. Is o composite?
False
Is 18004 - ((-15)/(-9))/(260/(-468)) prime?
False
Let v(i) = 2*i + 47. Let w(h) = -h**2 - 10*h - 3. Let m be w(-5). Let l be v(m). Let k = l + -29. Is k a prime number?
False
Let b(f) = 115*f**2 + 76*f + 1099. Is b(-18) a prime number?
False
Let s(u) be the third derivative of 223*u**4/8 - 23*u**3/6 - u**2 + 1. Is s(6) prime?
False
Let s(h) = 5*h**2 - 107*h + 5 + 105*h - 4. Let p be s(1). Let x = 29 - p. Is x a composite number?
True
Let j(w) = -8*w**3 - 7*w**2 + 16*w + 30. Let d(b) = 25*b**3 + 20*b**2 - 47*b - 91. Let c(k) = -4*d(k) - 11*j(k). Is c(-5) a composite number?
False
Is 2/(-14) - -385009*(-55)/(-35) prime?
False
Let m = 70467 - 10910. Is m composite?
False
Suppose -404 = -3*p + 2*p + 4*z, p - 2*z - 412 = 0. Is ((-1688)/(-10))/(168/p) a prime number?
False
Let h(p) = -479*p - 9. Let l be h(-7). Let d be (-4)/6 + l/3. Suppose f - d + 467 = 0. Is f a prime number?
True
Let o(v) = 37*v**2 + 91*v + 4. Let t be o(18). Suppose -5*w + t = 5*r, -10876 = 2*w - 6*w + 3*r. Is w prime?
False
Let k(q) = -21*q**3 - q**2 - 3*q - 38. Let c be k(-6). Suppose -1572 = -5*o - b + 4022, 4*o - c = 4*b. Is o composite?
True
Suppose -2*h + 32093 = c + 7356, h + 98939 = 4*c. Suppose s = -14*s + c. Is s a prime number?
False
Let r(a) = 26*a**3 - 55*a**2 - 39*a + 31. Is r(5) a composite number?
True
Suppose 149789 = 23*q - 1660334. Is q a prime number?
False
Let x = 76093 - 45182. Is x a composite number?
False
Let v be -4 + 4 + (-28)/(-1). Suppose -23*y + v*y = 9095. Is y a composite number?
True
Let w(f) = 119*f + 51. Let r(u) = -59*u - 26. Let h(v) = 5*r(v) + 3*w(v). Suppose -3*z = -5*z + 4, 2*n = -3*z + 30. Is h(n) composite?
True
Let d(n) = 7*n - 3*n + n + 5 + 19*n**2. Suppose o - 15 + 16 = -l, -9 = 3*l - 3*o. Is d(l) a composite number?
False
Let h be (-3)/(-2)*(6 + 444). Is h - (14/(-28))/(2/8) prime?
True
Let u = 6 + -9. Let l(i) = -916*i + 8. Let g be l(u). Suppose 7*t - 17127 + g = 0. Is t a composite number?
False
Let q = -11 + 12. Suppose 2*f + 4*h = 570, -2*h = -10 + 6. Is -3 - f/(0 - q/2) a composite number?
True
Let f = 333389 - -562362. Is f prime?
False
Let u(s) = 14345*s + 5668. Is u(93) a composite number?
True
Let r(t) = 2*t**2 - 25*t - 3*t**2 + 22*t + 4 - 29*t**3. Is r(-3) a prime number?
True
Suppose 463137 - 1617761 = -64*g. Is g a prime number?
True
Let p be (((-75)/6)/(4/24))/1. Is (5 + 0)*3*(-18965)/p prime?
True
Suppose 276652 = 67*f - 65*f. Is f a prime number?
False
Let n(g) = -g + 0 + 1 + 0*g. Let c be n(-3). Suppose 0 = -c*t + 4*d + 612, -2*t - 4*d - 165 = -3*t. Is t a composite number?
False
Let y be 30/(-8)*((-148400)/(-15))/10. Let v 